{"id":38,"date":"2014-09-23T09:10:35","date_gmt":"2014-09-23T07:10:35","guid":{"rendered":"http:\/\/muap.sk\/cms\/?page_id=38"},"modified":"2018-05-21T19:40:31","modified_gmt":"2018-05-21T17:40:31","slug":"vybor-p-s-horna-ves-2","status":"publish","type":"page","link":"http:\/\/urbarhornaves.sk\/?page_id=38","title":{"rendered":"V\u00fdbor"},"content":{"rendered":"<h3><strong><span style=\"color: #99cc00;\">V\u00fdbor<\/span><br \/>\n<\/strong><\/h3>\n<p><strong>predseda:<\/strong> Marek Viedie\u010dan &#8211; 0904348660<\/p>\n<p><strong>archiv\u00e1r-pokladn\u00edk:<\/strong>\u00a0Poliakov\u00e1\u00a0Marta &#8211; 0911258731<\/p>\n<p><strong>archiv\u00e1r-pokladn\u00edk:<\/strong> Jamri\u0161kov\u00e1 Erika &#8211; 0904543874<\/p>\n<p><strong>hospod\u00e1ri:<\/strong><\/p>\n<p>Ivan Kme\u0165 &#8211; 0915788482<\/p>\n<p>\u013dubo\u0161 Ma\u010far \u2013 0903238201<\/p>\n<p>&nbsp;<\/p>\n<p>&nbsp;<\/p>\n<p>&nbsp;<\/p>\n","protected":false},"excerpt":{"rendered":"<p>V\u00fdbor predseda: Marek Viedie\u010dan &#8211; 0904348660 archiv\u00e1r-pokladn\u00edk:\u00a0Poliakov\u00e1\u00a0Marta &#8211; 0911258731 archiv\u00e1r-pokladn\u00edk: Jamri\u0161kov\u00e1 Erika &#8211; 0904543874 hospod\u00e1ri: Ivan Kme\u0165 &#8211; 0915788482 \u013dubo\u0161 Ma\u010far \u2013 0903238201 &nbsp; &nbsp; &nbsp;<\/p>\n","protected":false},"author":1,"featured_media":0,"parent":0,"menu_order":0,"comment_status":"closed","ping_status":"closed","template":"","meta":[],"_links":{"self":[{"href":"http:\/\/urbarhornaves.sk\/index.php?rest_route=\/wp\/v2\/pages\/38"}],"collection":[{"href":"http:\/\/urbarhornaves.sk\/index.php?rest_route=\/wp\/v2\/pages"}],"about":[{"href":"http:\/\/urbarhornaves.sk\/index.php?rest_route=\/wp\/v2\/types\/page"}],"author":[{"embeddable":true,"href":"http:\/\/urbarhornaves.sk\/index.php?rest_route=\/wp\/v2\/users\/1"}],"replies":[{"embeddable":true,"href":"http:\/\/urbarhornaves.sk\/index.php?rest_route=%2Fwp%2Fv2%2Fcomments&post=38"}],"version-history":[{"count":14,"href":"http:\/\/urbarhornaves.sk\/index.php?rest_route=\/wp\/v2\/pages\/38\/revisions"}],"predecessor-version":[{"id":937,"href":"http:\/\/urbarhornaves.sk\/index.php?rest_route=\/wp\/v2\/pages\/38\/revisions\/937"}],"wp:attachment":[{"href":"http:\/\/urbarhornaves.sk\/index.php?rest_route=%2Fwp%2Fv2%2Fmedia&parent=38"}],"curies":[{"name":"wp","href":"https:\/\/api.w.org\/{rel}","templated":true}]}}